
Let q = -214 + 246. What is the greatest common factor of q and 416?
32
Let k(t) = -42*t + 29*t**2 - 31 + 20*t + 7 - 30*t - t**3. Let o be k(27). Calculate the highest common divisor of o and 210.
30
Suppose -z = 2*x - 14, 0 = 3*x - 0*x - 3. Suppose 4 = z*p - 11*p. Let b = 18 - p. Calculate the highest common divisor of b and 98.
14
Let i = 314 - 196. Suppose -44 = -2*g + i. What is the greatest common factor of 54 and g?
27
Suppose 5*l + 34 = 3*n, -2*l - 9 = l + 2*n. Let g be (10/(-5) - l) + 5. Calculate the greatest common factor of g and 64.
8
Let z = 395 - 338. Calculate the highest common factor of z and 3.
3
Let h(q) = -q**3 + 31*q**2 + 34*q + 192. Let n be h(32). What is the highest common factor of n and 2?
2
Suppose 3*m + t - 551 - 418 = 0, -15 = 5*t. Calculate the highest common divisor of m and 24.
12
Let o = 81 + 84. Let b be 36/30*o/2. What is the highest common divisor of 9 and b?
9
Let y = 107 + -18. Let n = -63 + y. What is the highest common factor of n and 65?
13
Let w be ((-10)/(-200)*56)/(2/5). Calculate the greatest common factor of w and 119.
7
Let z be ((-272)/(-6))/((-6)/(-18)). Let w = 88 + -71. What is the greatest common divisor of z and w?
17
Let k = -365 + 862. Calculate the greatest common factor of 7 and k.
7
Suppose 14*d = 1126 + 1618. Calculate the greatest common factor of d and 28.
28
Let s be 147/(-189) - 4/18. Let h be ((-15)/(-6) + s)*(-2400)/(-10). What is the highest common divisor of h and 45?
45
Suppose -4*s - 5*v = -203, 0 = -3*s + 8*v - 13*v + 146. Calculate the highest common factor of s and 1083.
57
Let v = -33 - -31. Let l be 1/(v*(-1)/16). Suppose 0 = -l*w + 7*w + 8. Calculate the highest common factor of 72 and w.
8
Let a = 150 + -60. What is the highest common divisor of 315 and a?
45
Suppose 4*d = 3*c - 48, -19 - 16 = -c - 5*d. What is the highest common factor of 160 and c?
20
Let r = 21 + -30. Let q be 44*(0 + r/(-4)). Suppose 26 = 2*o + i, 5*i + 24 = 8*o - 4*o. Calculate the greatest common divisor of q and o.
11
Let s(y) = -15*y - 6. Let t be s(-2). Let n = -9 - -21. Suppose n*a - 14*a = -12. What is the greatest common factor of t and a?
6
Let v be (2226/77)/2 + (-12)/(-22). What is the highest common divisor of 155 and v?
5
Let p = 202 - 85. Let j be (14/(-4))/(3/6). Let w = 20 + j. Calculate the highest common divisor of p and w.
13
Suppose 0 = 65*r - 53*r - 1368. Calculate the greatest common factor of r and 266.
38
Let v be ((-21)/(-63))/(1/60). Let w = -17 - -77. Calculate the greatest common divisor of v and w.
20
Suppose -3*d + 41 + 136 = 0. Suppose d = 2*c - 9. Calculate the greatest common factor of c and 85.
17
Let v be ((-48)/(-2))/(-4) + 19 - 3. Suppose -3*n - 360 = -7*n. What is the greatest common divisor of n and v?
10
Suppose -8*g + r = -3*g + 35, 0 = -4*g - 2*r - 42. Let y(q) = -q**3 - 9*q**2 - 9*q - 1. Let l be y(g). Calculate the highest common factor of l and 1.
1
Let z = 150 + -152. Let m(u) = -5*u**3 - 3*u**2 - 3*u + 2. Let v be m(z). Calculate the highest common factor of v and 72.
36
Let l = -1741 + 1928. What is the highest common divisor of 34 and l?
17
Suppose -6*r - 3 = -7*r. Let y be (-7 + -1 + 5)*(-68)/r. Calculate the highest common factor of 34 and y.
34
Suppose 3*i - 78 = 162. Suppose 3 = 2*t - 69. Let l = -4 + t. Calculate the highest common factor of l and i.
16
Suppose -3*c + 21 = -63. Let f = 93 - c. Let w = 371 + -345. What is the greatest common factor of w and f?
13
Let t(w) = 52*w - 27. Let r be t(2). Let q be 436/22 + 14/r. What is the greatest common divisor of 180 and q?
20
Suppose 2 = y - 2. Let z(u) = -3*u**3 + 5*u**2 + 5*u + 2. Let g be z(-2). Calculate the greatest common factor of y and g.
4
Let w be 3 - (645/(-5) + 4). Suppose 22*t - 104 = 248. Calculate the greatest common factor of w and t.
16
Let q = 123 + -63. Let c = q - 12. What is the greatest common factor of 6 and c?
6
Let i(l) = -l - 5. Let m be i(-10). Suppose 18 = m*y - 102. Suppose 0 = 3*r + 12 - 48. What is the greatest common divisor of y and r?
12
Let u be (682/8)/((45/20)/9). What is the greatest common divisor of 93 and u?
31
Let u = 766 - 706. Let y(h) = h**2 - 3*h - 6. Let m be y(6). Calculate the greatest common factor of m and u.
12
Suppose 14*o - 385 = 9*o. Suppose 2*f + 7 = 3*f. Calculate the greatest common factor of f and o.
7
Let x = 395 - 164. What is the greatest common factor of x and 99?
33
Let l = 119 - 53. Calculate the highest common factor of 176 and l.
22
Let t = 292 + -281. Calculate the greatest common factor of t and 11.
11
Suppose 309 = -4*w + w. Let v = 213 + w. Calculate the highest common divisor of 11 and v.
11
Let r be (0 - (-36)/8)*2. Let p be (3/r)/((-2)/(-126)). Suppose 525 = 2*a + 3*a. What is the greatest common factor of a and p?
21
Let b = -527 + 535. What is the highest common divisor of 296 and b?
8
Let m = 201 - 166. Let n(q) = q**3 - q**2 + q + 5. Let v be n(0). Calculate the greatest common factor of v and m.
5
Let t = 48 + -46. What is the highest common factor of t and 94?
2
Suppose 4*l - l + 3*n - 57 = 0, -4*l + n + 71 = 0. Let c = -619 + 691. What is the highest common divisor of l and c?
18
Suppose 12 + 1 = c. Suppose -23 = -5*t + p, -3*t - p - c = -6*t. Suppose -9*f + 8*f = -t. What is the highest common factor of f and 55?
5
Suppose 279 - 9 = 5*h. Suppose 0 = 3*b - 6 - h. What is the greatest common factor of b and 140?
20
Let l(c) = c + 25. Let h be l(-9). Calculate the greatest common divisor of 2 and h.
2
Suppose -816 = -10*y + 424. What is the greatest common factor of y and 899?
31
Let c be (3 - 3) + 5 - -20. Calculate the greatest common factor of c and 5.
5
Let u(n) = -n**3 + 5*n**2 - 3*n - 5. Let f be u(4). Let v be (7/2)/((-3)/(-6)). Let k = v + f. Calculate the greatest common factor of k and 48.
6
Suppose -72 + 375 = 4*z + 3*o, -2*z = 5*o - 141. Calculate the highest common divisor of z and 78.
78
Let j = 47 + -7. Calculate the greatest common factor of j and 60.
20
Let q be 54/(-4)*(-10)/15. Let g be (42/(-4))/(105/(-90) + 1). What is the highest common divisor of g and q?
9
Let l(f) = -f**3 + 9*f**2 - 2*f + 93. Let h be l(9). What is the highest common factor of h and 330?
15
Let x(b) = -13*b - 10. Let v be x(10). Suppose -3*u = 4*n + 155, 0*u = -4*u + 3*n - 165. Let y = u - v. What is the greatest common factor of y and 19?
19
Let f = -47 + 42. Let l be ((-12)/f)/(-4) - (-683)/5. Calculate the greatest common divisor of 17 and l.
17
Let g be ((-6)/(-5))/(1/(10/(-4))). Let a be (-12)/g + -1 - (4 + -85). Calculate the highest common divisor of 21 and a.
21
Let i be (-1)/2 + 25/10. Let m be -20*(-1)/(i/1). Suppose -13*b = -459 + 407. Calculate the greatest common factor of b and m.
2
Suppose v + 0*t = -2*t + 71, 4*t = -12. Calculate the greatest common divisor of v and 22.
11
Let m(p) = 7*p**2 - 9*p - 15. Let g be m(5). What is the greatest common divisor of g and 10?
5
Let a = 2651 + -2391. What is the highest common factor of 676 and a?
52
Let w = 264 + -168. Let n = -88 + w. Calculate the greatest common factor of n and 1.
1
Suppose 3*c - 95 = 2*c. Let h = -35 - -187. Let s be (-2 + (-5)/10)*h/(-10). Calculate the greatest common divisor of c and s.
19
Let l be (12/(-5))/(2/10 + 0). Suppose -w + 2*w + o = 21, -3*o + 15 = 0. Let c = w + l. What is the greatest common divisor of 44 and c?
4
Let h = 65 - 41. What is the highest common factor of h and 256?
8
Suppose -g + 0*g = -4. Let n(f) = 23 - f + 24 - 11 - 6. Let u be n(22). What is the highest common divisor of g and u?
4
Suppose 18*c - 28 = 16*c. Calculate the greatest common factor of 350 and c.
14
Let l = -14 + 16. Suppose -2*u + 5*c = -44, -3*u - l*c - 77 = -6*u. Let v be -2 + (-2)/2 + u. What is the highest common divisor of 36 and v?
12
Let c(h) = -h**2 + 3*h + 4. Let d be c(4). Suppose v + 339 - 79 = d. Let s be (6/(-8))/(39/v). What is the greatest common divisor of s and 45?
5
Let g(h) = -3*h**3 + h**2 - 2*h - 2. Let y be g(-2). Suppose 81*t = 5643 + 1647. What is the greatest common factor of y and t?
30
Let m(h) = -h**3 + 17*h**2 - 4*h - 33. Let n be m(11). What is the highest common factor of n and 59?
59
Let b = 15 - 11. Suppose -2*a + 168 = 2*a - b*w, 2*a + 5*w = 84. Let l be -18*14/588*-14. What is the highest common divisor of a and l?
6
Le